ns digit of 424739447?
4
What is the hundreds digit of 2067292881?
8
What is the tens digit of 85362208?
0
What is the ten millions digit of 19070201?
1
What is the millions digit of 19415434?
9
What is the ten thousands digit of 329306168?
0
What is the hundreds digit of 788155201?
2
What is the hundred millions digit of 934633611?
9
What is the thousands digit of 487223624?
3
What is the ten millions digit of 37365423?
3
What is the tens digit of 268770807?
0
What is the hundreds digit of 201592769?
7
What is the tens digit of 5438292134?
3
What is the thousands digit of 376247400?
7
What is the millions digit of 1672697013?
2
What is the hundred thousands digit of 3819783?
8
What is the ten millions digit of 39907495?
3
What is the billions digit of 1222008148?
1
What is the tens digit of 47251863?
6
What is the ten millions digit of 385783778?
8
What is the ten millions digit of 982770566?
8
What is the hundreds digit of 39142735?
7
What is the billions digit of 2773502301?
2
What is the hundred thousands digit of 274077167?
0
What is the millions digit of 148022566?
8
What is the tens digit of 376501751?
5
What is the hundred millions digit of 162673839?
1
What is the tens digit of 946878993?
9
What is the hundred thousands digit of 926494102?
4
What is the millions digit of 3535820370?
5
What is the hundreds digit of 46629778?
7
What is the ten millions digit of 6415910091?
1
What is the millions digit of 184191476?
4
What is the hundred thousands digit of 1748623125?
6
What is the millions digit of 1246996702?
6
What is the hundred millions digit of 144946261?
1
What is the hundred millions digit of 790877531?
7
What is the hundred millions digit of 618824040?
6
What is the tens digit of 122721604?
0
What is the hundreds digit of 97132500?
5
What is the hundreds digit of 520282498?
4
What is the hundred thousands digit of 1909594241?
5
What is the ten thousands digit of 481649034?
4
What is the tens digit of 184115909?
0
What is the ten thousands digit of 126092639?
9
What is the hundred thousands digit of 3797123200?
1
What is the hundred millions digit of 564737427?
5
What is the hundred thousands digit of 101894537?
8
What is the hundred millions digit of 195014767?
1
What is the hundreds digit of 32173904?
9
What is the hundred millions digit of 696000621?
6
What is the ten thousands digit of 1280295435?
9
What is the ten thousands digit of 4777457603?
5
What is the millions digit of 453631020?
3
What is the thousands digit of 88295791?
5
What is the thousands digit of 941530674?
0
What is the ten thousands digit of 13373620?
7
What is the hundreds digit of 1606093?
0
What is the hundreds digit of 514773824?
8
What is the tens digit of 173270998?
9
What is the millions digit of 491278800?
1
What is the units digit of 113273632?
2
What is the hundreds digit of 59094290?
2
What is the millions digit of 91040926?
1
What is the thousands digit of 151022879?
2
What is the ten millions digit of 2566966791?
6
What is the thousands digit of 55903682?
3
What is the ten millions digit of 67095320?
6
What is the thousands digit of 441001869?
1
What is the hundred thousands digit of 31110738?
1
What is the ten thousands digit of 192551837?
5
What is the hundreds digit of 1675800999?
9
What is the hundreds digit of 93813828?
8
What is the hundreds digit of 109247156?
1
What is the ten thousands digit of 65540523?
4
What is the thousands digit of 754171665?
1
What is the ten millions digit of 47118707?
4
What is the ten thousands digit of 21961154?
6
What is the hundreds digit of 632323739?
7
What is the units digit of 188853050?
0
What is the hundred thousands digit of 3026183?
0
What is the tens digit of 1083936674?
7
What is the hundred thousands digit of 846209460?
2
What is the hundred thousands digit of 531331392?
3
What is the hundreds digit of 56545931?
9
What is the hundred millions digit of 2237298607?
2
What is the tens digit of 1111019671?
7
What is the millions digit of 69386899?
9
What is the hundreds digit of 198590240?
2
What is the hundreds digit of 233730023?
0
What is the units digit of 292999679?
9
What is the millions digit of 257910458?
7
What is the tens digit of 683883176?
7
What is the ten millions digit of 1067913170?
6
What is the ten millions digit of 102146412?
0
What is the ten millions digit of 95649626?
9
What is the ten thousands digit of 106760117?
6
What is the ten millions digit of 74402777?
7
What is the tens digit of 65464839?
3
What is the units digit of 4390532?
2
What is the hundreds digit of 688938383?
3
What is the billions digit of 6517675313?
6
What is the millions digit of 63011092?
3
What is the millions digit of 25834849?
5
What is the ten millions digit of 71095102?
7
What is the units digit of 2099899768?
8
What is the hundred millions digit of 359901608?
3
What is the hundred millions digit of 1003027963?
0
What is the millions digit of 164802764?
4
What is the ten thousands digit of 364168701?
6
What is the millions digit of 14580927?
4
What is the millions digit of 64204491?
4
What is the hundreds digit of 1131665102?
1
What is the ten millions digit of 1313344644?
1
What is the hundred thousands digit of 5464833773?
8
What is the ten millions digit of 90386550?
9
What is the millions digit of 126285407?
6
What is the ten thousands digit of 1137657900?
5
What is the units digit of 6782413071?
1
What is the ten millions digit of 680561236?
8
What is the hundreds digit of 212613654?
6
What is the thousands digit of 1392237922?
7
What is the tens digit of 214203081?
8
What is the ten thousands digit of 4606180?
0
What is the ten millions digit of 567321217?
6
What is the units digit of 55516267?
7
What is the billions digit of 1420359295?
1
What is the thousands digit of 1383441585?
1
What is the thousands digit of 310592880?
2
What is the millions digit of 56910334?
6
What is the tens digit of 472333067?
6
What is the hundreds digit of 260690929?
9
What is the ten millions digit of 3565389783?
6
What is the ten millions digit of 667303565?
6
What is the hundreds digit of 41252346?
3
What is the tens digit of 17468082?
8
What is the thousands digit of 214670345?
0
What is the ten thousands digit of 1763212177?
1
What is the units digit of 18893072?
2
What is the ten thousands digit of 129347213?
4
What is the units digit of 129308168?
8
What is the ten thousands digit of 18899499?
9
What is the ten thousands digit of 385967552?
6
What is the hundreds digit of 164544325?
3
What is the hundreds digit of 195973112?
1
What is the ten thousands digit of 59885748?
8
What is the millions digit of 1214187744?
4
What is the tens digit of 18269744?
4
What is the hundred thousands digit of 94168247?
1
What is the hundreds digit of 11031299?
2
What is the billions digit of 2278349215?
2
What is the hundred millions digit of 470002338?
4
What is the ten thousands digit of 6967477?
6
What is the thousands digit of 84745196?
5
What is the units digit of 2758740892?
2
What is the hundred millions digit of 400356040?
4
What is the ten thousands digit of 1549334157?
3
What is the hundred thousands digit of 443728184?
7
What is the thousands digit of 184049586?
9
What is the hundreds digit of 5822033?
0
What is the thousands digit of 202983146?
3
What is the ten millions digit of 806637656?
0
What is the units digit of 508566049?
9
What is the millions digit of 319417711?
9
What is the ten thousands digit of 32272738?
7
What is the hundreds digit of 14917083?
0
What is the hundred thousands digit of 81655117?
6
What is the ten millions digit of 211078633?
1
What is the millions digit of 77558261?
7
What is the hundred thousands digit of 1421808980?
8
What is the tens digit of 6230176295?
9
What is the hundreds digit of 91747177?
1
What is the hundred millions digit of 2978641674?
9
What is the tens digit of 98026672?
7
What is the millions digit of 272086780?
2
What is the hundred thousands digit of 76733431?
7
What is the units digit of 176718085?
5
What is the tens digit of 7799572?
7
What is the millions digit of 537208878?
7
What is the hundreds digit of 296761362?
3
What is the units digit of 1415009854?
4
What is the millions digit of 81002110?
1
What is the billions digit of 2060431198?
2
What is the hun